{"id":103,"date":"2015-09-06T20:29:39","date_gmt":"2015-09-06T18:29:39","guid":{"rendered":"http:\/\/dev.kindersprache.ch\/?page_id=103"},"modified":"2016-10-18T20:20:30","modified_gmt":"2016-10-18T18:20:30","slug":"lieder","status":"publish","type":"page","link":"https:\/\/kindersprache.ch\/index.php\/lieder\/","title":{"rendered":"Lieder"},"content":{"rendered":"<p>Beim Singen kann das Kind Erfahrungen mit dem Klang seiner eigenen Stimme machen.<br \/>\nDie Stimme klingt hoch und tief, leise und laut, je nach dem was man damit ausdr\u00fccken will.<br \/>\nDurch die Melodie und den Rhythmus eines Liedes lassen sich Gef\u00fchle und Stimmungen wiedergeben.<br \/>\nDas Zusammenspiel von Melodie und Rhythmus in der Sprache nennt man Prosodie.<br \/>\nKinder erwerben ihre Muttersprache nicht Wort f\u00fcr Wort, sondern nehmen deren Prosodie auf.<br \/>\nDas Wissen um die einzelnen W\u00f6rter entwickelt sich erst mit der Zeit.<\/p>\n<p>Wenn kleine Kinder singen, r\u00fcckt der Text in den Hintergrund.<br \/>\nDie W\u00f6rter verschmelzen miteinander.<br \/>\nDennoch sagt ein Lied etwas aus.<br \/>\nEs ist ein Weihnachtslied, ein K\u00e4ferlied oder ein Zn\u00fcnilied.<br \/>\nDas Lied kommt in einer bestimmten Situation vor (z.B. an Weihnachten)<br \/>\noder ist auf etwas Bestimmtes gerichtet (z.B. ein Lied f\u00fcr einen K\u00e4fer).<br \/>\nDas Kind kann so den Zusammenhang zwischen W\u00f6rtern, Dingen und Situationen erfahren.<\/p>\n<p>Durch das Lernen von Melodie und Text eines Liedes, wird das Ged\u00e4chtnis trainiert.<\/p>\n<p>Lieder in verschiedenen Situationen sind Rituale f\u00fcr das Kind. Diese sind wichtig, weil sie das Gef\u00fchl von Sicherheit vermitteln k\u00f6nnen. Beispiele daf\u00fcr sind Schlaf- oder Trostlieder.<\/p>\n<p><strong>Lieder zum Ausdrucken:<\/strong><\/p>\n<div>\n<div id=\"file-54\" class=\"fileEntry\">\n<p><span style=\"text-decoration: underline;\"><a href=\"http:\/\/kindersprache.ch\/wp-content\/uploads\/2015\/09\/Unknown-1.png\"><img loading=\"lazy\" decoding=\"async\" class=\"alignnone wp-image-259\" src=\"http:\/\/kindersprache.ch\/wp-content\/uploads\/2015\/09\/Unknown-1.png\" alt=\"Unknown-1\" width=\"20\" height=\"20\" \/><\/a><a href=\"http:\/\/kindersprache.ch\/wp-content\/uploads\/2015\/09\/De-Mond-Singt.pdf\">De Mond singt<\/a><\/span>(PDF)<\/p>\n<p><span style=\"text-decoration: underline;\"><a href=\"http:\/\/kindersprache.ch\/wp-content\/uploads\/2015\/09\/Unknown-1.png\"><img loading=\"lazy\" decoding=\"async\" class=\"alignnone wp-image-259\" src=\"http:\/\/kindersprache.ch\/wp-content\/uploads\/2015\/09\/Unknown-1.png\" alt=\"Unknown-1\" width=\"20\" height=\"20\" \/><\/a><a href=\"http:\/\/kindersprache.ch\/wp-content\/uploads\/2016\/10\/heileheilesaege.pdf\">Heile, heile S\u00e4ge<\/a><\/span>(PDF)<\/p>\n<p><span style=\"text-decoration: underline;\"><a href=\"http:\/\/kindersprache.ch\/wp-content\/uploads\/2015\/09\/Unknown-1.png\"><img loading=\"lazy\" decoding=\"async\" class=\"alignnone wp-image-259\" src=\"http:\/\/kindersprache.ch\/wp-content\/uploads\/2015\/09\/Unknown-1.png\" alt=\"Unknown-1\" width=\"20\" height=\"20\" \/><\/a><a href=\"http:\/\/kindersprache.ch\/wp-content\/uploads\/2016\/10\/I-dem-chugelrunde-pfel.pdf\">I dem chugelrunde \u00d6pfel<\/a><\/span>(PDF)<\/p>\n<\/div>\n<div id=\"file-51\" class=\"fileEntry\">\n<p><span style=\"text-decoration: underline;\"><a href=\"http:\/\/kindersprache.ch\/wp-content\/uploads\/2015\/09\/Unknown-1.png\"><img loading=\"lazy\" decoding=\"async\" class=\"alignnone wp-image-259\" src=\"http:\/\/kindersprache.ch\/wp-content\/uploads\/2015\/09\/Unknown-1.png\" alt=\"Unknown-1\" width=\"20\" height=\"20\" \/><\/a><a href=\"http:\/\/kindersprache.ch\/wp-content\/uploads\/2016\/10\/Jepo-i-tai-tai-je.pdf\">Jepo i tai tai je<\/a><\/span>(PDF)<\/p>\n<\/div>\n<div id=\"file-52\" class=\"fileEntry\">\n<p><span style=\"text-decoration: underline;\"><a href=\"http:\/\/kindersprache.ch\/wp-content\/uploads\/2015\/09\/Unknown-1.png\"><img loading=\"lazy\" decoding=\"async\" class=\"alignnone wp-image-259\" src=\"http:\/\/kindersprache.ch\/wp-content\/uploads\/2015\/09\/Unknown-1.png\" alt=\"Unknown-1\" width=\"20\" height=\"20\" \/><\/a><a href=\"http:\/\/kindersprache.ch\/wp-content\/uploads\/2016\/10\/rageragetropfli.pdf\">R\u00e4ge-, R\u00e4getr\u00f6pfli<\/a><\/span>(PDF)<\/p>\n<p><span style=\"text-decoration: underline;\"><a href=\"http:\/\/kindersprache.ch\/wp-content\/uploads\/2015\/09\/Unknown-1.png\"><img loading=\"lazy\" decoding=\"async\" class=\"alignnone wp-image-259\" src=\"http:\/\/kindersprache.ch\/wp-content\/uploads\/2015\/09\/Unknown-1.png\" alt=\"Unknown-1\" width=\"20\" height=\"20\" \/><\/a><a href=\"http:\/\/kindersprache.ch\/wp-content\/uploads\/2016\/10\/S-Lied-vom-Gegeteil.pdf\">S&#8216; Lied vom Gegeteil<\/a><\/span>(PDF<\/p>\n<\/div>\n<\/div>\n<div class=\"spaceBeforeCP\"><\/div>\n<div class=\"multimedia\">\n<h4>H\u00f6rbeispiele<\/h4>\n<\/div>\n<p><iframe loading=\"lazy\" src=\"https:\/\/w.soundcloud.com\/player\/?url=https%3A\/\/api.soundcloud.com\/playlists\/268475828%3Fsecret_token%3Ds-tV4Ik&amp;color=ff5500&amp;auto_play=false&amp;hide_related=false&amp;show_comments=true&amp;show_user=true&amp;show_reposts=false\" width=\"100%\" height=\"450\" frameborder=\"no\" scrolling=\"no\"><\/iframe><\/p>\n","protected":false},"excerpt":{"rendered":"<p>Beim Singen kann das Kind Erfahrungen mit dem Klang seiner eigenen Stimme machen. Die Stimme klingt hoch und tief, leise und laut, je nach dem was man damit ausdr\u00fccken will. Durch die Melodie und den Rhythmus eines Liedes lassen sich Gef\u00fchle und Stimmungen wiedergeben. Das Zusammenspiel von Melodie und Rhythmus in der Sprache nennt man [&hellip;]<\/p>\n","protected":false},"author":1,"featured_media":0,"parent":0,"menu_order":0,"comment_status":"closed","ping_status":"closed","template":"","meta":{"footnotes":""},"class_list":["post-103","page","type-page","status-publish","hentry"],"_links":{"self":[{"href":"https:\/\/kindersprache.ch\/index.php\/wp-json\/wp\/v2\/pages\/103","targetHints":{"allow":["GET"]}}],"collection":[{"href":"https:\/\/kindersprache.ch\/index.php\/wp-json\/wp\/v2\/pages"}],"about":[{"href":"https:\/\/kindersprache.ch\/index.php\/wp-json\/wp\/v2\/types\/page"}],"author":[{"embeddable":true,"href":"https:\/\/kindersprache.ch\/index.php\/wp-json\/wp\/v2\/users\/1"}],"replies":[{"embeddable":true,"href":"https:\/\/kindersprache.ch\/index.php\/wp-json\/wp\/v2\/comments?post=103"}],"version-history":[{"count":18,"href":"https:\/\/kindersprache.ch\/index.php\/wp-json\/wp\/v2\/pages\/103\/revisions"}],"predecessor-version":[{"id":343,"href":"https:\/\/kindersprache.ch\/index.php\/wp-json\/wp\/v2\/pages\/103\/revisions\/343"}],"wp:attachment":[{"href":"https:\/\/kindersprache.ch\/index.php\/wp-json\/wp\/v2\/media?parent=103"}],"curies":[{"name":"wp","href":"https:\/\/api.w.org\/{rel}","templated":true}]}}