{"id":109,"date":"2015-09-06T20:30:49","date_gmt":"2015-09-06T18:30:49","guid":{"rendered":"http:\/\/dev.kindersprache.ch\/?page_id=109"},"modified":"2016-10-18T20:49:59","modified_gmt":"2016-10-18T18:49:59","slug":"kochen","status":"publish","type":"page","link":"https:\/\/kindersprache.ch\/index.php\/kochen\/","title":{"rendered":"Kochen"},"content":{"rendered":"<p>Beim Kochen arbeiten das Kind und der Erwachsene an einem Ziel. Wie bei jeder gemeinsamen Aktion mit den Eltern erf\u00e4hrt das Kind Geborgenheit. Es macht Spass und bereitet Freude, zusammen etwas zu erarbeiten.<\/p>\n<p>Das Kocherlebnis ist eine sehr kommunikative Handlung und die Neugierde des Kindes ist gross. Es fragt, antwortet, erz\u00e4hlt, erkl\u00e4rt und eignet sich dabei W\u00f6rter und Sprachregeln an.<\/p>\n<p>Das Kind lernt, einen Ablauf zu planen, sich diesen vorzustellen und durchzuf\u00fchren. Auch kann es Zusammenh\u00e4nge erkennen (z.B. wie aus verschiedenen Lebensmitteln eine Pizza entsteht oder wie aus Rahm Schlagrahm wird).<\/p>\n<p>Die Eltern unterst\u00fctzen beim Kochen meist intuitiv jeden Schritt mit Sprache. Z.B. \u201eJetzt schneiden wir mit dem Messer den Teig in kleine St\u00fccke&#8230;.\u201c. So lernt ein Kind\u00a0 was das Wort \u201eSchneiden\u201c bedeutet. Beim Kochen werden zudem verschiedene Sinne angesprochen: Sehen, F\u00fchlen, Riechen und Schmecken. Dadurch wird die Wahrnehmung gef\u00f6rdert (Wie f\u00fchlt sich etwas an? Wie riecht oder schmeckt etwas? Wie viel Kraft braucht man, um etwas zu schneiden?).<br \/>\nDas Kind macht so vielseitige Erfahrungen mit verschiedenen Gegenst\u00e4nden und Materialien. Dabei lernt es neue W\u00f6rter (warm, fl\u00fcssig, Kochl\u00f6ffel, pressen&#8230; ).<\/p>\n<p>Nebst den sprachlichen, werden auch die motorischen F\u00e4higkeiten (Bewegungen) ge\u00fcbt.<br \/>\nDas Kind lernt selbstst\u00e4ndig zu arbeiten und \u00fcbernimmt Verantwortung. Es hat Freude und ist motiviert, wenn ein geplantes Essen gelingt. Das Selbstvertrauen wird so gef\u00f6rdert.<br \/>\nDurch das selbst zubereitete Essen entwickelt das Kind ein Verh\u00e4ltnis zur Nahrung und das Interesse an neuen Gerichten w\u00e4chst.<\/p>\n<p>In unserer\u00a0<a href=\"http:\/\/kindersprache.ch\/index.php\/linksammlung\/\">Linksammlung\u00a0<\/a>finden Sie viele weitere Websites mit Kochrezepten f\u00fcr Kinder.<\/p>\n<div>\n<div id=\"file-31\" class=\"fileEntry\">\n<div>\n<div id=\"file-52\" class=\"fileEntry\">\n<p><span style=\"text-decoration: underline;\"><a href=\"http:\/\/kindersprache.ch\/wp-content\/uploads\/2015\/09\/Unknown-1.png\"><img loading=\"lazy\" decoding=\"async\" class=\"alignnone wp-image-259\" src=\"http:\/\/kindersprache.ch\/wp-content\/uploads\/2015\/09\/Unknown-1.png\" alt=\"Unknown-1\" width=\"20\" height=\"20\" \/><\/a><a href=\"http:\/\/kindersprache.ch\/wp-content\/uploads\/2015\/09\/Tipps-f\u00fcr-das-Kochen-mit-Kindern.pdf\">Tipps f\u00fcr das Kochen mit Kindern<\/a><\/span>(PDF)<\/p>\n<\/div>\n<\/div>\n<\/div>\n<\/div>\n<h3>Kochrezepte zum Ausdrucken<\/h3>\n<div>\n<div id=\"file-25\" class=\"fileEntry\">\n<div>\n<div id=\"file-52\" class=\"fileEntry\">\n<p><span style=\"text-decoration: underline;\"><a href=\"http:\/\/kindersprache.ch\/wp-content\/uploads\/2015\/09\/Unknown-1.png\"><img loading=\"lazy\" decoding=\"async\" class=\"alignnone wp-image-259\" src=\"http:\/\/kindersprache.ch\/wp-content\/uploads\/2015\/09\/Unknown-1.png\" alt=\"Unknown-1\" width=\"20\" height=\"20\" \/><\/a><a href=\"http:\/\/kindersprache.ch\/wp-content\/uploads\/2015\/09\/Bauernhofsalat.pdf\">Bauernhofsalat<\/a><\/span>(PDF)<\/p>\n<\/div>\n<\/div>\n<p><span style=\"text-decoration: underline;\"><a href=\"http:\/\/kindersprache.ch\/wp-content\/uploads\/2015\/09\/Unknown-1.png\"><img loading=\"lazy\" decoding=\"async\" class=\"alignnone wp-image-259\" src=\"http:\/\/kindersprache.ch\/wp-content\/uploads\/2015\/09\/Unknown-1.png\" alt=\"Unknown-1\" width=\"20\" height=\"20\" \/><\/a><a href=\"http:\/\/kindersprache.ch\/wp-content\/uploads\/2015\/09\/Leckere-Shakes.pdf\">Leckere Shakes<\/a><\/span>(PDF)<\/p>\n<\/div>\n<div id=\"file-22\" class=\"fileEntry\">\n<p><span style=\"text-decoration: underline;\"><a href=\"http:\/\/kindersprache.ch\/wp-content\/uploads\/2015\/09\/Unknown-1.png\"><img loading=\"lazy\" decoding=\"async\" class=\"alignnone wp-image-259\" src=\"http:\/\/kindersprache.ch\/wp-content\/uploads\/2015\/09\/Unknown-1.png\" alt=\"Unknown-1\" width=\"20\" height=\"20\" \/><\/a><a href=\"http:\/\/kindersprache.ch\/wp-content\/uploads\/2015\/09\/Mandelbecherkuchen.pdf\">Mandelbecherkuchen<\/a><\/span>(PDF)<\/p>\n<\/div>\n<div id=\"file-24\" class=\"fileEntry\">\n<p><span style=\"text-decoration: underline;\"><a href=\"http:\/\/kindersprache.ch\/wp-content\/uploads\/2015\/09\/Unknown-1.png\"><img loading=\"lazy\" decoding=\"async\" class=\"alignnone wp-image-259\" src=\"http:\/\/kindersprache.ch\/wp-content\/uploads\/2015\/09\/Unknown-1.png\" alt=\"Unknown-1\" width=\"20\" height=\"20\" \/><\/a><a href=\"http:\/\/kindersprache.ch\/wp-content\/uploads\/2015\/09\/Obstspiesse-mit-Stracciatelle-Dip.pdf\">Obstspiesse mit Stracciatelle Dip<\/a><\/span>(PDF)<\/p>\n<\/div>\n<div id=\"file-30\" class=\"fileEntry\">\n<p><span style=\"text-decoration: underline;\"><a href=\"http:\/\/kindersprache.ch\/wp-content\/uploads\/2015\/09\/Unknown-1.png\"><img loading=\"lazy\" decoding=\"async\" class=\"alignnone wp-image-259\" src=\"http:\/\/kindersprache.ch\/wp-content\/uploads\/2015\/09\/Unknown-1.png\" alt=\"Unknown-1\" width=\"20\" height=\"20\" \/><\/a><a href=\"http:\/\/kindersprache.ch\/wp-content\/uploads\/2015\/09\/omeletten-mit-foto.pdf\">Omeletten mit Foto<\/a><\/span>(PDF)<\/p>\n<\/div>\n<div id=\"file-29\" class=\"fileEntry\">\n<p><span style=\"text-decoration: underline;\"><a href=\"http:\/\/kindersprache.ch\/wp-content\/uploads\/2015\/09\/Unknown-1.png\"><img loading=\"lazy\" decoding=\"async\" class=\"alignnone wp-image-259\" src=\"http:\/\/kindersprache.ch\/wp-content\/uploads\/2015\/09\/Unknown-1.png\" alt=\"Unknown-1\" width=\"20\" height=\"20\" \/><\/a><a href=\"http:\/\/kindersprache.ch\/wp-content\/uploads\/2015\/09\/pizzateig.pdf\">Pizzateig<\/a><\/span>(PDF)<\/p>\n<\/div>\n<div id=\"file-23\" class=\"fileEntry\">\n<p><span style=\"text-decoration: underline;\"><a href=\"http:\/\/kindersprache.ch\/wp-content\/uploads\/2015\/09\/Unknown-1.png\"><img loading=\"lazy\" decoding=\"async\" class=\"alignnone wp-image-259\" src=\"http:\/\/kindersprache.ch\/wp-content\/uploads\/2015\/09\/Unknown-1.png\" alt=\"Unknown-1\" width=\"20\" height=\"20\" \/><\/a><a href=\"http:\/\/kindersprache.ch\/wp-content\/uploads\/2015\/09\/Pizzegesicht.pdf\">Pizzagesicht<\/a><\/span>(PDF)<\/p>\n<\/div>\n<div id=\"file-28\" class=\"fileEntry\">\n<p><span style=\"text-decoration: underline;\"><a href=\"http:\/\/kindersprache.ch\/wp-content\/uploads\/2015\/09\/Unknown-1.png\"><img loading=\"lazy\" decoding=\"async\" class=\"alignnone wp-image-259\" src=\"http:\/\/kindersprache.ch\/wp-content\/uploads\/2015\/09\/Unknown-1.png\" alt=\"Unknown-1\" width=\"20\" height=\"20\" \/><\/a><a href=\"http:\/\/kindersprache.ch\/wp-content\/uploads\/2015\/09\/Spaghettitorte.pdf\">Spaghettikuchen<\/a><\/span>(PDF)<\/p>\n<\/div>\n<\/div>\n<p><a href=\"http:\/\/kindersprache.ch\/wp-content\/uploads\/2015\/09\/Kochen.jpg\"><img loading=\"lazy\" decoding=\"async\" class=\"alignnone size-medium wp-image-365\" src=\"http:\/\/kindersprache.ch\/wp-content\/uploads\/2015\/09\/Kochen-230x300.jpg\" alt=\"kochen\" width=\"230\" height=\"300\" srcset=\"https:\/\/kindersprache.ch\/wp-content\/uploads\/2015\/09\/Kochen-230x300.jpg 230w, https:\/\/kindersprache.ch\/wp-content\/uploads\/2015\/09\/Kochen-768x1003.jpg 768w, https:\/\/kindersprache.ch\/wp-content\/uploads\/2015\/09\/Kochen-784x1024.jpg 784w, https:\/\/kindersprache.ch\/wp-content\/uploads\/2015\/09\/Kochen-268x350.jpg 268w, https:\/\/kindersprache.ch\/wp-content\/uploads\/2015\/09\/Kochen-77x100.jpg 77w, https:\/\/kindersprache.ch\/wp-content\/uploads\/2015\/09\/Kochen.jpg 800w\" sizes=\"auto, (max-width: 230px) 100vw, 230px\" \/><\/a><\/p>\n","protected":false},"excerpt":{"rendered":"<p>Beim Kochen arbeiten das Kind und der Erwachsene an einem Ziel. Wie bei jeder gemeinsamen Aktion mit den Eltern erf\u00e4hrt das Kind Geborgenheit. Es macht Spass und bereitet Freude, zusammen etwas zu erarbeiten. Das Kocherlebnis ist eine sehr kommunikative Handlung und die Neugierde des Kindes ist gross. Es fragt, antwortet, erz\u00e4hlt, erkl\u00e4rt und eignet sich [&hellip;]<\/p>\n","protected":false},"author":1,"featured_media":0,"parent":0,"menu_order":0,"comment_status":"closed","ping_status":"closed","template":"","meta":{"footnotes":""},"class_list":["post-109","page","type-page","status-publish","hentry"],"_links":{"self":[{"href":"https:\/\/kindersprache.ch\/index.php\/wp-json\/wp\/v2\/pages\/109","targetHints":{"allow":["GET"]}}],"collection":[{"href":"https:\/\/kindersprache.ch\/index.php\/wp-json\/wp\/v2\/pages"}],"about":[{"href":"https:\/\/kindersprache.ch\/index.php\/wp-json\/wp\/v2\/types\/page"}],"author":[{"embeddable":true,"href":"https:\/\/kindersprache.ch\/index.php\/wp-json\/wp\/v2\/users\/1"}],"replies":[{"embeddable":true,"href":"https:\/\/kindersprache.ch\/index.php\/wp-json\/wp\/v2\/comments?post=109"}],"version-history":[{"count":5,"href":"https:\/\/kindersprache.ch\/index.php\/wp-json\/wp\/v2\/pages\/109\/revisions"}],"predecessor-version":[{"id":376,"href":"https:\/\/kindersprache.ch\/index.php\/wp-json\/wp\/v2\/pages\/109\/revisions\/376"}],"wp:attachment":[{"href":"https:\/\/kindersprache.ch\/index.php\/wp-json\/wp\/v2\/media?parent=109"}],"curies":[{"name":"wp","href":"https:\/\/api.w.org\/{rel}","templated":true}]}}