{"id":12,"date":"2015-08-31T21:27:10","date_gmt":"2015-08-31T19:27:10","guid":{"rendered":"http:\/\/dev.kindersprache.ch\/?page_id=12"},"modified":"2015-09-12T22:33:42","modified_gmt":"2015-09-12T20:33:42","slug":"uebersicht","status":"publish","type":"page","link":"https:\/\/kindersprache.ch\/index.php\/uebersicht\/","title":{"rendered":"\u00dcbersicht"},"content":{"rendered":"<table border=\"1\" width=\"522\" cellspacing=\"1\" cellpadding=\"1\" align=\"left\">\n<tbody>\n<tr>\n<td style=\"color: #000000;\" align=\"left\" valign=\"top\"><strong><span style=\"font-size: small;\">Alter<\/span><\/strong><\/td>\n<td style=\"color: #000000;\" align=\"left\" valign=\"top\"><strong><span style=\"font-size: small;\">Sprach\u00e4usserung<\/span><\/strong><\/td>\n<td style=\"color: #000000;\" align=\"left\" valign=\"top\"><strong><span style=\"font-size: small;\">Sprachverst\u00e4ndnis<\/span><\/strong><\/td>\n<\/tr>\n<tr>\n<td align=\"left\" valign=\"top\"><span style=\"font-size: small;\">Bis 6 Monate<br \/>\n<\/span><\/td>\n<td align=\"left\" valign=\"top\"><span style=\"font-size: small;\">Gurren, lallen, jauchzen, quietschen, l\u00e4cheln.<br \/>\n<\/span><\/td>\n<td align=\"left\" valign=\"top\"><span style=\"font-size: small;\">Das Kind reagiert auf laute Ger\u00e4usche und Stimmklang.<br \/>\n<\/span><\/td>\n<\/tr>\n<tr>\n<td align=\"left\" valign=\"top\"><span style=\"font-size: small;\">Bis 1,5 Jahre<\/span><\/td>\n<td align=\"left\" valign=\"top\"><span style=\"font-size: small;\">Das Kind spricht mit einzelnen W\u00f6rtern. Es kann durch den Tonfall mitteilen, was es m\u00f6chte. <\/span><\/p>\n<p>&nbsp;<\/td>\n<td align=\"left\" valign=\"top\"><span style=\"font-size: small;\">Es reagiert auf seinen Namen und versteht einfache Auftr\u00e4ge und Fragen, z.B. &#8222;Wo ist der Schuh?&#8220;.<br \/>\n<\/span><\/td>\n<\/tr>\n<tr>\n<td align=\"left\" valign=\"top\"><span style=\"font-size: small;\">Bis 2 Jahre<br \/>\n<\/span><\/td>\n<td align=\"left\" valign=\"top\"><span style=\"font-size: small;\">Es spricht in S\u00e4tzen, die zwei oder drei Worte enthalten. Die Aussprache des Kindes wird deutlicher.\u00a0\u00a0 <\/span><\/p>\n<p>&nbsp;<\/td>\n<td align=\"left\" valign=\"top\"><span style=\"font-size: small;\">Das Kind beginnt Zusammenh\u00e4nge zu verstehen (z.B. weiss es, dass es beim Telefonieren den H\u00f6rer ans Ohr halten muss).<\/span><\/td>\n<\/tr>\n<tr>\n<td align=\"left\" valign=\"top\"><span style=\"font-size: small;\">Bis 3 Jahre<br \/>\n<\/span><\/td>\n<td align=\"left\" valign=\"top\"><span style=\"font-size: small;\">Der Wortschatz nimmt rapide zu. Erste Fragew\u00f6rter werden verwendet (wo, was, wer, wann, warum). Das Kind kann einfache Zusammenh\u00e4nge beschreiben und einfache Lieder und Verse lernen.\u00a0 <\/span><\/p>\n<p>&nbsp;<\/td>\n<td align=\"left\" valign=\"top\"><span style=\"font-size: small;\">Das Kind verfolgt mit Interesse ganze Bilderbuchgeschichten. Es kann das meiste verstehen, wenn auf gleichem Sprachniveau gesprochen wird.<\/span><\/td>\n<\/tr>\n<tr>\n<td style=\"vertical-align: top;\"><span style=\"font-size: small;\">Bis 4 Jahre<br \/>\n<\/span><\/td>\n<td style=\"vertical-align: top;\"><span style=\"font-size: small;\">Das Kind kann die Muttersprache fast korrekt aussprechen (R, S, SCH sowie TR- \/KR- Verbindungen <\/span><span style=\"font-size: small;\">bereiten oft noch Schwierigkeiten). Entwicklungsbedingte Sprechunfl\u00fcssigkeiten sind m\u00f6glich. <\/span><\/p>\n<p>&nbsp;<\/td>\n<td style=\"vertical-align: top;\"><span style=\"font-size: small;\">Das Kind kann den Erfahrungen entsprechend alles verstehen und beginnt Vorstellungen von Vergangenheit, Gegenwart und Zukunft aufzubauen.<\/span><\/td>\n<\/tr>\n<tr>\n<td style=\"vertical-align: top;\"><span style=\"font-size: small;\">Bis 6 Jahre<br \/>\n<\/span><\/td>\n<td style=\"vertical-align: top;\"><span style=\"font-size: small;\">Es spricht in mehrheitlich korrekten S\u00e4tzen und kann ein Erlebnis in einer sinnvollen Reihenfolge erz\u00e4hlen.\u00a0 <\/span><\/p>\n<p>&nbsp;<\/td>\n<td style=\"vertical-align: top;\"><span style=\"font-size: small;\">Das Kind kann allt\u00e4gliche Zusammenh\u00e4nge und Sachverhalte verstehen.<br \/>\n<\/span><\/td>\n<\/tr>\n<\/tbody>\n<\/table>\n","protected":false},"excerpt":{"rendered":"<p>Alter Sprach\u00e4usserung Sprachverst\u00e4ndnis Bis 6 Monate Gurren, lallen, jauchzen, quietschen, l\u00e4cheln. Das Kind reagiert auf laute Ger\u00e4usche und Stimmklang. Bis 1,5 Jahre Das Kind spricht mit einzelnen W\u00f6rtern. Es kann durch den Tonfall mitteilen, was es m\u00f6chte. &nbsp; Es reagiert auf seinen Namen und versteht einfache Auftr\u00e4ge und Fragen, z.B. &#8222;Wo ist der Schuh?&#8220;. Bis [&hellip;]<\/p>\n","protected":false},"author":1,"featured_media":0,"parent":0,"menu_order":0,"comment_status":"closed","ping_status":"closed","template":"","meta":{"footnotes":""},"class_list":["post-12","page","type-page","status-publish","hentry"],"_links":{"self":[{"href":"https:\/\/kindersprache.ch\/index.php\/wp-json\/wp\/v2\/pages\/12","targetHints":{"allow":["GET"]}}],"collection":[{"href":"https:\/\/kindersprache.ch\/index.php\/wp-json\/wp\/v2\/pages"}],"about":[{"href":"https:\/\/kindersprache.ch\/index.php\/wp-json\/wp\/v2\/types\/page"}],"author":[{"embeddable":true,"href":"https:\/\/kindersprache.ch\/index.php\/wp-json\/wp\/v2\/users\/1"}],"replies":[{"embeddable":true,"href":"https:\/\/kindersprache.ch\/index.php\/wp-json\/wp\/v2\/comments?post=12"}],"version-history":[{"count":5,"href":"https:\/\/kindersprache.ch\/index.php\/wp-json\/wp\/v2\/pages\/12\/revisions"}],"predecessor-version":[{"id":222,"href":"https:\/\/kindersprache.ch\/index.php\/wp-json\/wp\/v2\/pages\/12\/revisions\/222"}],"wp:attachment":[{"href":"https:\/\/kindersprache.ch\/index.php\/wp-json\/wp\/v2\/media?parent=12"}],"curies":[{"name":"wp","href":"https:\/\/api.w.org\/{rel}","templated":true}]}}