{"id":121,"date":"2015-09-06T20:33:33","date_gmt":"2015-09-06T18:33:33","guid":{"rendered":"http:\/\/dev.kindersprache.ch\/?page_id=121"},"modified":"2019-02-10T11:09:33","modified_gmt":"2019-02-10T10:09:33","slug":"linksammlung","status":"publish","type":"page","link":"https:\/\/kindersprache.ch\/index.php\/linksammlung\/","title":{"rendered":"Linksammlung"},"content":{"rendered":"<p><strong>Sites mit Spielanleitungen, Koch- und Bastelideen, Kinderbuchtipps, Versen usw.:<\/strong><\/p>\n<p>&#8211;&nbsp;<a href=\"http:\/\/www.zzzebra.de\/\" target=\"_blank\" rel=\"noopener\">www.zzzebra.de<\/a><br \/>\nDas Web-Magazin f\u00fcr Kinder. Basteln, Lesen, Versuche anstellen u.a., jeweils der Jahreszeit angepasst.<\/p>\n<p>&#8211;&nbsp;<a href=\"http:\/\/www.kidsweb.de\/\" target=\"_blank\" rel=\"noopener\">www.kidsweb.de<br \/>\n<\/a>Die unabh\u00e4ngige Kinderseite. Bastel- und Spielideen u.a.<\/p>\n<p>&#8211;&nbsp;<a href=\"http:\/\/www.kinderverse.ch\/\" target=\"_blank\" rel=\"noopener\">www.kinderverse.ch<br \/>\n<\/a>Kinderverse aus der Schweiz zu verschiedensten Themen.<\/p>\n<p>&#8211; <a href=\"http:\/\/kochundkueche.de\/ernaehrung\/\">kochundkueche.de\/ernaehrung\/<br \/>\n<\/a>Kostenloses eBook zum Thema Kinderern\u00e4hrung.<\/p>\n<p>&#8211;&nbsp;<a href=\"http:\/\/www.familienleben.ch\/\" target=\"_blank\" rel=\"noopener\">www.familienleben.ch<br \/>\n<\/a>Unter &#8222;Spielen&#8220;: Die sch\u00f6nsten Spiele f\u00fcr drinnen und draussen sowie Kinderverse in Mundart.<\/p>\n<p>&#8211;&nbsp;<a href=\"http:\/\/www.kindergarten-workshop.de\/\" target=\"_blank\" rel=\"noopener\">www.kindergarten-workshop.de<br \/>\n<\/a><span style=\"line-height: 1.5;\">Beschrieb \u201eDie kindliche Entwicklung\u201c.&nbsp; Dazu Spiele, Turnideen, Bastelideen u.a.<\/span><\/p>\n<p>&#8211;&nbsp;<a href=\"http:\/\/www.kleinkind-online.de\/\" target=\"_blank\" rel=\"noopener\">www.kleinkind-online.de<\/a><br \/>\nSpiele, Geschichten, Basteln u.a.<\/p>\n<p>&#8211;&nbsp;<a href=\"http:\/\/www.kinderrezepte.de\/\" target=\"_blank\" rel=\"noopener\">www.kinderrezepte.de<br \/>\n<\/a><span style=\"line-height: 1.5;\">Lustige Kochrezepte.<\/span><\/p>\n<p>&#8211;&nbsp;<a href=\"http:\/\/www.blinde-kuh.de\/\" target=\"_blank\" rel=\"noopener\">www.blinde-kuh.de<br \/>\n<\/a>Kochrezepte, Bastelideen, Spiele, Geschichten u.a.<\/p>\n<p>&#8211;&nbsp;<a href=\"http:\/\/www.chinderbuechlade.ch\/\" target=\"_blank\" rel=\"noopener\">www.chinderbuechlade.ch<br \/>\n<\/a>Grosse Auswahl an aktuellen Kinder- und Jugendb\u00fcchern.<\/p>\n<p>&#8211;&nbsp;<a href=\"http:\/\/www.kinderbuch-couch.de\/\" target=\"_blank\" rel=\"noopener\">www.kinderbuch-couch.de<\/a><br \/>\nKindgerechte F\u00f6rderung der Sprache mit Bilderb\u00fcchern.<br \/>\nBilderbuchtipps f\u00fcr jedes Alter und zu vielen Themen.<\/p>\n<p>&#8211;&nbsp;<a href=\"http:\/\/www.buecherkinder.de\/\" target=\"_blank\" rel=\"noopener\">www.buecherkinder.de<\/a><br \/>\nEmpfehlenswerte Kinderb\u00fccher.<\/p>\n<p>&#8211;&nbsp;<a href=\"http:\/\/www.ebbertz.de\/geschichten\/index.html\" target=\"_blank\" rel=\"noopener\">www.ebbertz.de\/geschichten\/index.html<\/a><br \/>\nVerschiedene Geschichten, gratis zum downloaden.<\/p>\n<p>&#8211;&nbsp;<a href=\"http:\/\/www.gschichtefritz.ch\" target=\"_blank\">www.gschichtefritz.ch<\/a><br \/>\nBeim Gschichtefritz gibts schweizerdeutsche Geschichten mit Liedern f\u00fcr Kinder als CD oder MP3.<\/p>\n<p>&#8211;&nbsp;<a href=\" http:=\" \"=\"\" www.mundoazul.de=\"\" rel=\"noopener\">www.mundoazul.de<br \/>\n<\/a>Internationale Kinderbuchhandlung in Berlin. Ein Projekt mit dem Ziel, bilinguale Familien mit Kinderb\u00fcchern und Kinderliteratur aus ihrer Heimat zu versorgen.<\/p>\n<p>&#8211;&nbsp;<a href=\"http:\/\/www.quatschmuschel.de\/\" target=\"_blank\" rel=\"noopener\">www.quatschmuschel.de<\/a><br \/>\nInteraktive Lernspiele, mit Downloads.<\/p>\n<p>&#8211;&nbsp;<a href=\"http:\/\/www.ifak-kindermedien.de\/\" target=\"_blank\" rel=\"noopener\">www.ifak-kindermedien.de<\/a><br \/>\nInstitut f\u00fcr angewandte Kindermedienforschung<br \/>\nH\u00f6rmedien \u2013 Kindertontr\u00e4ger \u2013 Audiobooks \u2013 H\u00f6rfunk. F\u00fcr alle Altersgruppen.<\/p>\n<p>&#8211;&nbsp;<a href=\"http:\/\/www.trialogo.de\/\" target=\"_blank\" rel=\"noopener\">www.trialogo.de<\/a><br \/>\nVerlagssite trialogo. B\u00fccher, Spiele und vieles mehr f\u00fcr Fachpersonen und Eltern.<\/p>\n<p>&#8211;<a href=\"http:\/\/www.kidoh.ch\/\" target=\"_blank\" rel=\"noopener\">&nbsp;www.kidoh.ch<br \/>\n<\/a>Verlagssite kidoh. Grosse Auswahl an Spielen.<\/p>\n<p><strong>Sites f\u00fcr Eltern:<\/strong><\/p>\n<p>&#8211;&nbsp;<a href=\"http:\/\/www.muetterberatung.ch\/\" target=\"_blank\" rel=\"noopener\">www.muetterberatung.ch<\/a><br \/>\nSite der M\u00fctter- und V\u00e4terberatung, des Schweizerischen Verbands der M\u00fctterberaterinnen sowie des Arbeitgeberverbandes M\u00fctter- und V\u00e4terberatung.<\/p>\n<p>&#8211;&nbsp;<a href=\"http:\/\/www.parentu.ch\" target=\"_blank\">www.parentu.ch<\/a><br \/>\nDie App f\u00fcr informierte Eltern&nbsp;schickt Informationen und Anregungen&nbsp;zur&nbsp;Erziehung und zur kindlichen Entwicklung via Push-Nachrichten direkt&nbsp;auf das Smartphone der Eltern.<\/p>\n<p>&#8211;&nbsp;<a href=\" http:=\" \"=\"\" www.wireltern.ch=\"\" rel=\"noopener\">www.wireltern.ch<\/a><br \/>\nAllgemeine Beratung.<\/p>\n<p>&#8211;&nbsp;<a href=\"http:\/\/www.sprechzimmer.ch\/\" target=\"_blank\" rel=\"noopener\">www.sprechzimmer.ch<\/a><br \/>\nMedizinischer Ratgeber.<\/p>\n<p>&#8211;&nbsp;<a href=\"http:\/\/www.mehrzeitfuerkinder.de\/\" target=\"_blank\" rel=\"noopener\">www.mehrzeitfuerkinder.de<\/a><br \/>\nAnregungen zu familienfreundlichem Verhalten im Alltag. CD \u201eSing mit mir! Sprich mit mir!\u201c<br \/>\nSpielmaterial zur Sprachf\u00f6rderung, Ratgeber \u201eSprich mit mir\u201c.<\/p>\n<p>&#8211;&nbsp;<a href=\"http:\/\/www.pro-voce.de\/\" target=\"_blank\" rel=\"noopener\">www.pro-voce.de<\/a><br \/>\nGesellschaft f\u00fcr Sprache und Kommunikation.<br \/>\nF\u00fcr Eltern stotternder Kinder.<\/p>\n<p><strong>Sites in english:<\/strong><\/p>\n<p>&#8211;&nbsp;<a href=\"http:\/\/www.speechville.com\/\" target=\"_blank\" rel=\"noopener\">www.speechville.com<\/a><br \/>\nAmerikanische Site; \u201efor caregivers of children with language disorders\u201c.<br \/>\nB\u00fccher mit Sprachspielen und Spielzeugtipps f\u00fcr kleine Kinder, \u201eCommon questions\u201c.<\/p>\n<p>&#8211;&nbsp;<a href=\"http:\/\/www.babybumblebee.com\/\" target=\"_blank\" rel=\"noopener\">www.babybumblebee.com<\/a><br \/>\nErfahrungen von Eltern von Kindern mit Sprachschwierigkeiten.<\/p>\n<p><strong>Weitere Sites zum Thema:<\/strong><\/p>\n<p>&#8211;<a href=\"http:\/\/www.handeln-denken-sprache.ch\/\" target=\"_blank\" rel=\"noopener\">www.handeln-denken-sprache.ch<br \/>\n<\/a>Website von Maja Eichholzer zum Thema handlungsorientierte Therapie in der Logop\u00e4die mit Begriffserkl\u00e4rungen und Hinweisen f\u00fcr Eltern.<\/p>\n<p>&#8211;&nbsp;<a href=\"http:\/\/www.dgs-ev.de\/\" target=\"_blank\" rel=\"noopener\">www.dgs-ev.de<\/a><br \/>\nDeutsche Gesellschaft f\u00fcr Sprachheilp\u00e4dagogik.<br \/>\nMit Brosch\u00fcren \u00fcber die verschiedenen St\u00f6rungsbilder zum Herunterladen.<\/p>\n<p>&#8211;&nbsp;<a href=\"http:\/\/www.mutterspracherwerb.de\/\" target=\"_blank\" rel=\"noopener\">www.mutterspracherwerb.de<\/a><br \/>\nEin Informationsangebot zur Entwicklung der kindlichen Sprache.<br \/>\nSammlung von Online- Kindersprachdaten.<br \/>\nAusf\u00fchrlicher Beschrieb des Spracherwerbs.<\/p>\n<p>&#8211;&nbsp;<a href=\"http:\/\/www.verband-dyslexie.ch\/\" target=\"_blank\" rel=\"noopener\">www.verband-dyslexie.ch<\/a><br \/>\nWebsite des Verbands Dyslexie Schweiz<\/p>\n<p><strong>Sites in english<\/strong>:<\/p>\n<p>&#8211;&nbsp;<a href=\"http:\/\/www.cplol.eu\/\" target=\"_blank\" rel=\"noopener\">www.cplol.eu<\/a><br \/>\nComitee of Speech-Therapist\/Logopedists in the European Union.<br \/>\nFaltbl\u00e4tter mit Elterntipps f\u00fcr Kinder von 1- 4 Jahren. Fragebogen f\u00fcr Eltern, um Schwierigkeiten bei der Entwicklung der Sprache fr\u00fchzeitig zu erkennen und mehr.<\/p>\n<p>&#8211;&nbsp;<a href=\"http:\/\/www.hanen.org\/\" target=\"_blank\" rel=\"noopener\">www.hanen.org<\/a><br \/>\nThe Hanen Centre. Kanadische gemeinn\u00fctzige Organisation, die Kindern im Alter<br \/>\nvon 0- 5 mit Sprachst\u00f6rungen hilft.<br \/>\nAusf\u00fchrliche Informationen \u00fcber Literacy (fr\u00fche Literaturerlebnisse erm\u00f6glichen), Communication Checklist, Tips and Activities, Elternkurse.<br \/>\n<img loading=\"lazy\" decoding=\"async\" src=\"http:\/\/www.kindersprache.ch\/img\/leer.gif\" alt=\"\" width=\"1\" height=\"20\" border=\"0\"><\/p>\n","protected":false},"excerpt":{"rendered":"<p>Sites mit Spielanleitungen, Koch- und Bastelideen, Kinderbuchtipps, Versen usw.: &#8211;&nbsp;www.zzzebra.de Das Web-Magazin f\u00fcr Kinder. Basteln, Lesen, Versuche anstellen u.a., jeweils der Jahreszeit angepasst. &#8211;&nbsp;www.kidsweb.de Die unabh\u00e4ngige Kinderseite. Bastel- und Spielideen u.a. &#8211;&nbsp;www.kinderverse.ch Kinderverse aus der Schweiz zu verschiedensten Themen. &#8211; kochundkueche.de\/ernaehrung\/ Kostenloses eBook zum Thema Kinderern\u00e4hrung. &#8211;&nbsp;www.familienleben.ch Unter &#8222;Spielen&#8220;: Die sch\u00f6nsten Spiele f\u00fcr drinnen und [&hellip;]<\/p>\n","protected":false},"author":1,"featured_media":0,"parent":0,"menu_order":0,"comment_status":"closed","ping_status":"closed","template":"","meta":{"footnotes":""},"class_list":["post-121","page","type-page","status-publish","hentry"],"_links":{"self":[{"href":"https:\/\/kindersprache.ch\/index.php\/wp-json\/wp\/v2\/pages\/121","targetHints":{"allow":["GET"]}}],"collection":[{"href":"https:\/\/kindersprache.ch\/index.php\/wp-json\/wp\/v2\/pages"}],"about":[{"href":"https:\/\/kindersprache.ch\/index.php\/wp-json\/wp\/v2\/types\/page"}],"author":[{"embeddable":true,"href":"https:\/\/kindersprache.ch\/index.php\/wp-json\/wp\/v2\/users\/1"}],"replies":[{"embeddable":true,"href":"https:\/\/kindersprache.ch\/index.php\/wp-json\/wp\/v2\/comments?post=121"}],"version-history":[{"count":19,"href":"https:\/\/kindersprache.ch\/index.php\/wp-json\/wp\/v2\/pages\/121\/revisions"}],"predecessor-version":[{"id":451,"href":"https:\/\/kindersprache.ch\/index.php\/wp-json\/wp\/v2\/pages\/121\/revisions\/451"}],"wp:attachment":[{"href":"https:\/\/kindersprache.ch\/index.php\/wp-json\/wp\/v2\/media?parent=121"}],"curies":[{"name":"wp","href":"https:\/\/api.w.org\/{rel}","templated":true}]}}