{"id":40,"date":"2015-08-31T21:37:50","date_gmt":"2015-08-31T19:37:50","guid":{"rendered":"http:\/\/dev.kindersprache.ch\/?page_id=40"},"modified":"2015-09-07T21:52:46","modified_gmt":"2015-09-07T19:52:46","slug":"mein-kind-spricht-nicht","status":"publish","type":"page","link":"https:\/\/kindersprache.ch\/index.php\/mein-kind-spricht-nicht\/","title":{"rendered":"Mein Kind spricht nicht"},"content":{"rendered":"<p><strong>Late Talker \u2013 Late Bloomer<\/strong><\/p>\n<p>Es gibt Kinder, die sp\u00e4t zu sprechen beginnen.<br \/>\nAb dem Alter von zwei Jahren spricht man von \u201eLate Talker\u201c, also \u201eSp\u00e4tentwicklern\u201c (\u201eSp\u00e4tsprechern\u201c), wenn Kinder weniger als 50 W\u00f6rtern sprechen.<br \/>\nMan nimmt heute an, dass ein versp\u00e4teter Sprechbeginn die Sprachentwicklung gef\u00e4hrden kann.<\/p>\n<p>Die Bezeichnung \u201eLate Bloomer\u201c, also \u201eSp\u00e4tbl\u00fcher\u201c trifft auf diejenigen Kinder zu, welche nach einem sp\u00e4ten oder ausbleibenden Sprechbeginn pl\u00f6tzlich mit dem Sprechen anfangen.<br \/>\nDiese Kinder holen ihre Altersgenossen rasch auf, so dass sie im Alter von drei Jahren \u00fcber einen altersgem\u00e4ssen Wortschatz verf\u00fcgen.<\/p>\n<p>Wenn Ihr Kind mit zwei Jahren noch nicht spricht, oder wenn Ihnen auff\u00e4llt, dass seine Altersgenossen mehr sprechen, so muss dies also noch kein Grund zur Sorge sein. Eine Untersuchung des Geh\u00f6rs ist empfehlenswert.<\/p>\n<p>Wenn Ihr Kind mit drei Jahren noch nicht oder nur wenig spricht, ist eine logop\u00e4dische Beratung oder Abkl\u00e4rung sinnvoll.<\/p>\n<p><strong>Wie kann ich dem Kind helfen?<\/strong><br \/>\nEs ist aus logop\u00e4discher Sicht wichtig, bei verz\u00f6gertem Spracherwerb fr\u00fch mit der Sprachf\u00f6rderung zu beginnen, damit das Kind seine weitere Entwicklung m\u00f6glichst ungest\u00f6rt durchlaufen kann.<\/p>\n<p>Nach einer Beratung oder Abkl\u00e4rung muss nicht in jedem Fall eine Therapie folgen.<br \/>\nDie Logop\u00e4din\/ der Logop\u00e4de kann sich dabei ein Bild von der Sprache Ihres Kindes machen und wird Ihnen danach erkl\u00e4ren, welcher n\u00e4chste Schritt ihrer\/ seiner Meinung nach sinnvoll w\u00e4re.<\/p>\n<ul class=\"articleLinkInternal\">\n<li class=\"teaser\"><a href=\"http:\/\/kindersprache.ch\/index.php\/adressen-von-fachstellen\/\">Adressen von Fachstellen<\/a><\/li>\n<\/ul>\n<p>&nbsp;<\/p>\n<p><strong>Mutismus (\u201emutus\u201c bedeutet \u201estumm\u201c auf lateinisch)<\/strong><\/p>\n<p>Manchen Menschen \u2013 und damit auch manchen Kindern \u2013 \u201efehlt\u201c die M\u00f6glichkeit zu sprechen, obwohl sie es organisch gesehen eigentlich k\u00f6nnten. Sie haben also keine k\u00f6rperliche Einschr\u00e4nkung, die sie am Sprechen hindert.<\/p>\n<p>Mutismus ist nicht mit dem gew\u00f6hnlichen \u201efremdeln\u201c zu verwechseln.<br \/>\nIhr Kind kann Zeiten haben, in denen es sich an Sie klammert und mit \u201eFremden\u201c nicht sprechen will. Dabei kann der\/ die \u201eFremde\u201c auch eine dem Kind bekannte Person sein.<br \/>\nDies ist eine normale Phase in der kindlichen Entwicklung.<br \/>\nManche Kinder \u201efremdeln\u201c st\u00e4rker und \u00fcber eine l\u00e4ngere Zeit hinaus als andere.<\/p>\n<p>Ein mutistisches Kind schweigt.<br \/>\nEs vermeidet h\u00e4ufig auch den Blickkontakt zu anderen Menschen und zieht sich aus Spielen mit Anderen zur\u00fcck.<\/p>\n<p>Das Schweigen kann \u201eselektiv\u201c oder \u201etotal\u201c sein.<br \/>\nIst es \u201eselektiv\u201c, so spricht das Kind nur in bestimmten Situationen und mit bestimmten Personen.<br \/>\nEs kann z.B. sein, dass es in der Familie und bei den Grosseltern spricht, im Kindergarten aber schweigt und sich dort von den anderen Menschen zur\u00fcckzieht.<br \/>\nIst das Schweigen \u201etotal\u201c so spricht das Kind mit niemandem mehr.<\/p>\n<p><strong>Wie kann ich dem Kind helfen?<\/strong><br \/>\nWenn Sie das Gef\u00fchl haben, dass Ihr Kind nicht \u201efremdelt\u201c, sondern dass es sich mit seinem Schweigen von der Umwelt zur\u00fcckzieht, so ist es wichtig, dass Sie sich Hilfe holen.<br \/>\nVon einer Selbstmedikation ist dringend abzuraten.<br \/>\nVerschiedene Therapieformen kommen in Frage, darunter eine logop\u00e4dische, eine heilp\u00e4dagogische oder eine psychologische.<br \/>\nWenden Sie sich an den logop\u00e4dischen oder schulpsychologischen Dienst Ihres Wohnorts oder an Ihren Kinderarzt f\u00fcr Adressen und Kontakte.<\/p>\n<ul class=\"articleLinkInternal\">\n<li class=\"teaser\"><a href=\"http:\/\/kindersprache.ch\/index.php\/adressen-von-fachstellen\/\">Adressen von Fachstellen<\/a><\/li>\n<\/ul>\n","protected":false},"excerpt":{"rendered":"<p>Late Talker \u2013 Late Bloomer Es gibt Kinder, die sp\u00e4t zu sprechen beginnen. Ab dem Alter von zwei Jahren spricht man von \u201eLate Talker\u201c, also \u201eSp\u00e4tentwicklern\u201c (\u201eSp\u00e4tsprechern\u201c), wenn Kinder weniger als 50 W\u00f6rtern sprechen. Man nimmt heute an, dass ein versp\u00e4teter Sprechbeginn die Sprachentwicklung gef\u00e4hrden kann. Die Bezeichnung \u201eLate Bloomer\u201c, also \u201eSp\u00e4tbl\u00fcher\u201c trifft auf diejenigen [&hellip;]<\/p>\n","protected":false},"author":1,"featured_media":0,"parent":0,"menu_order":0,"comment_status":"closed","ping_status":"closed","template":"","meta":{"footnotes":""},"class_list":["post-40","page","type-page","status-publish","hentry"],"_links":{"self":[{"href":"https:\/\/kindersprache.ch\/index.php\/wp-json\/wp\/v2\/pages\/40","targetHints":{"allow":["GET"]}}],"collection":[{"href":"https:\/\/kindersprache.ch\/index.php\/wp-json\/wp\/v2\/pages"}],"about":[{"href":"https:\/\/kindersprache.ch\/index.php\/wp-json\/wp\/v2\/types\/page"}],"author":[{"embeddable":true,"href":"https:\/\/kindersprache.ch\/index.php\/wp-json\/wp\/v2\/users\/1"}],"replies":[{"embeddable":true,"href":"https:\/\/kindersprache.ch\/index.php\/wp-json\/wp\/v2\/comments?post=40"}],"version-history":[{"count":4,"href":"https:\/\/kindersprache.ch\/index.php\/wp-json\/wp\/v2\/pages\/40\/revisions"}],"predecessor-version":[{"id":202,"href":"https:\/\/kindersprache.ch\/index.php\/wp-json\/wp\/v2\/pages\/40\/revisions\/202"}],"wp:attachment":[{"href":"https:\/\/kindersprache.ch\/index.php\/wp-json\/wp\/v2\/media?parent=40"}],"curies":[{"name":"wp","href":"https:\/\/api.w.org\/{rel}","templated":true}]}}