{"id":44,"date":"2015-08-31T21:38:39","date_gmt":"2015-08-31T19:38:39","guid":{"rendered":"http:\/\/dev.kindersprache.ch\/?page_id=44"},"modified":"2016-10-18T20:59:14","modified_gmt":"2016-10-18T18:59:14","slug":"sprachentwicklungsverzoegerungen","status":"publish","type":"page","link":"https:\/\/kindersprache.ch\/index.php\/sprachentwicklungsverzoegerungen\/","title":{"rendered":"Sprachentwicklungsverz\u00f6gerungen"},"content":{"rendered":"<p>Die Sprache entwickelt sich Schritt f\u00fcr Schritt. Sie verl\u00e4uft von den Phasen des Schreiens und Lallens, des beginnenden Sprachverst\u00e4ndnisses zu den ersten gesprochenen Worten und zu ganzen S\u00e4tzen.<\/p>\n<p>Weitere Informationen dazu finden Sie unter diesem Link:<br \/>\n<a href=\"http:\/\/kindersprache.ch\/index.php\/ausfuehrliche-informationen\/\">Ausf\u00fchrliche Informationen<br \/>\n<\/a><br \/>\nBei einer Sprachentwicklungsverz\u00f6gerung sind mehrere Bereiche der Sprachentwicklung betroffen. Folgende Punkte k\u00f6nnen verz\u00f6gert sein:<\/p>\n<div><em>Sprachverst\u00e4ndnis<\/em><br \/>\nDas Kind versteht kleinere Auftr\u00e4ge, S\u00e4tze und W\u00f6rter nicht.<\/div>\n<div><\/div>\n<div><em>Aussprache (Artikulation)<\/em><\/div>\n<div>Das Kind spricht sehr undeutlich. Die Aussprache ist nicht altersgem\u00e4ss.<\/div>\n<div>Weitere Informationen dazu finden Sie unter diesem Link:<br \/>\n<a href=\"http:\/\/kindersprache.ch\/index.php\/aussprachestoerungen\/\">Aussprachest\u00f6rungen<\/a><\/div>\n<p><em><br \/>\nWortschatz<br \/>\n<\/em>Das Kind verf\u00fcgt nicht \u00fcber einen dem Alter entsprechenden Wortschatz.<\/p>\n<div><em>Grammatik<\/em><br \/>\nDas Kind bildet noch keine richtigen S\u00e4tze, z.B. werden Verben in ihrer Grundform verwendet, Begleiter und Ortsangaben sind falsch oder die W\u00f6rter sind nicht in der richtigen Reihenfolge (\u201eMami Spaghetti essen. Teller oben Tisch.\u201c).<\/div>\n<p>Schwierigkeiten in anderen Entwicklungsbereichen k\u00f6nnen die Sprachentwicklung negativ beeinflussen (z.B. Wahrnehmung, Motorik u.a.).<\/p>\n<p><strong>Wie kann ich dem Kind helfen?<\/strong><\/p>\n<ul>\n<li>Den Tagesablauf mit Sprache begleiten<\/li>\n<li>Wiederholen der kindlichen \u00c4usserung in der richtigen Form<\/li>\n<li>Das Kind nicht st\u00e4ndig verbessern<\/li>\n<li>Bilderb\u00fccher gemeinsam anschauen und kommentieren<\/li>\n<li>Geschichten erz\u00e4hlen<\/li>\n<li>Fingerspiele, Verse, Lieder<\/li>\n<li>\u00dcber gemeinsame Erlebnisse sprechen<\/li>\n<li>Das Kind an allt\u00e4glichen Handlungen teilnehmen lassen: Essen zubereiten, Hausarbeiten\u00a0 erledigen, Einkaufen, Gartenarbeit, handwerkliche T\u00e4tigkeiten (s\u00e4gen, h\u00e4mmern..) ausf\u00fchren<\/li>\n<li>\u00dcber Erfahrungen und Gef\u00fchle sprechen<\/li>\n<li>Sprechfreude f\u00f6rdern<\/li>\n<li>Das Kind zum bewussten H\u00f6ren anregen: H\u00f6rspiele, was h\u00f6re ich f\u00fcr Ger\u00e4usche im Haus, im\u00a0 Wald, auf der Strasse? Verschiedene Kl\u00e4nge erkennen lassen<\/li>\n<\/ul>\n<p>&nbsp;<\/p>\n<p>Weitere Informationen finden Sie unter diesen Links:<\/p>\n<ul class=\"articleLinkInternal\">\n<li class=\"teaser\"><a href=\"http:\/\/kindersprache.ch\/index.php\/eltern-foerdern-den-spracherwerb\/\">Eltern f\u00f6rdern den Spracherwerb<\/a><\/li>\n<li class=\"teaser\"><a href=\"http:\/\/kindersprache.ch\/index.php\/kinderbuecher\/\">Kinderb\u00fccher<\/a><\/li>\n<li class=\"teaser\"><a href=\"http:\/\/kindersprache.ch\/index.php\/verse\/\">Verse und Reime<\/a><\/li>\n<\/ul>\n<p>&nbsp;<\/p>\n<p>Je mehr Erfahrungen Kinder mit H\u00f6ren, Sehen, Tasten, F\u00fchlen, Schmecken, Riechen und Bewegung machen k\u00f6nnen, desto einfacher wird es f\u00fcr sie, die Sprache zu erwerben.<\/p>\n<div class=\"spaceBeforeCP\"><strong><br \/>\nH\u00f6rbeispiele Sprachentwicklungsverz\u00f6gerungen<\/strong><\/div>\n<div class=\"multimedia\">\n<p>&nbsp;<\/p>\n<\/div>\n<p><iframe loading=\"lazy\" src=\"https:\/\/w.soundcloud.com\/player\/?url=https%3A\/\/api.soundcloud.com\/playlists\/268486567%3Fsecret_token%3Ds-5w6Md&amp;color=ff5500&amp;auto_play=false&amp;hide_related=false&amp;show_comments=true&amp;show_user=true&amp;show_reposts=false\" width=\"100%\" height=\"250\" frameborder=\"no\" scrolling=\"no\"><\/iframe><\/p>\n","protected":false},"excerpt":{"rendered":"<p>Die Sprache entwickelt sich Schritt f\u00fcr Schritt. Sie verl\u00e4uft von den Phasen des Schreiens und Lallens, des beginnenden Sprachverst\u00e4ndnisses zu den ersten gesprochenen Worten und zu ganzen S\u00e4tzen. Weitere Informationen dazu finden Sie unter diesem Link: Ausf\u00fchrliche Informationen Bei einer Sprachentwicklungsverz\u00f6gerung sind mehrere Bereiche der Sprachentwicklung betroffen. Folgende Punkte k\u00f6nnen verz\u00f6gert sein: Sprachverst\u00e4ndnis Das Kind [&hellip;]<\/p>\n","protected":false},"author":1,"featured_media":0,"parent":0,"menu_order":0,"comment_status":"closed","ping_status":"closed","template":"","meta":{"footnotes":""},"class_list":["post-44","page","type-page","status-publish","hentry"],"_links":{"self":[{"href":"https:\/\/kindersprache.ch\/index.php\/wp-json\/wp\/v2\/pages\/44","targetHints":{"allow":["GET"]}}],"collection":[{"href":"https:\/\/kindersprache.ch\/index.php\/wp-json\/wp\/v2\/pages"}],"about":[{"href":"https:\/\/kindersprache.ch\/index.php\/wp-json\/wp\/v2\/types\/page"}],"author":[{"embeddable":true,"href":"https:\/\/kindersprache.ch\/index.php\/wp-json\/wp\/v2\/users\/1"}],"replies":[{"embeddable":true,"href":"https:\/\/kindersprache.ch\/index.php\/wp-json\/wp\/v2\/comments?post=44"}],"version-history":[{"count":23,"href":"https:\/\/kindersprache.ch\/index.php\/wp-json\/wp\/v2\/pages\/44\/revisions"}],"predecessor-version":[{"id":379,"href":"https:\/\/kindersprache.ch\/index.php\/wp-json\/wp\/v2\/pages\/44\/revisions\/379"}],"wp:attachment":[{"href":"https:\/\/kindersprache.ch\/index.php\/wp-json\/wp\/v2\/media?parent=44"}],"curies":[{"name":"wp","href":"https:\/\/api.w.org\/{rel}","templated":true}]}}