{"id":78,"date":"2015-09-06T20:20:26","date_gmt":"2015-09-06T18:20:26","guid":{"rendered":"http:\/\/dev.kindersprache.ch\/?page_id=78"},"modified":"2016-10-18T21:33:22","modified_gmt":"2016-10-18T19:33:22","slug":"sprachfoerderung","status":"publish","type":"page","link":"https:\/\/kindersprache.ch\/index.php\/sprachfoerderung\/","title":{"rendered":"Sprachf\u00f6rderung"},"content":{"rendered":"<h1>F\u00f6rderideen<\/h1>\n<p>Liebe Leser<\/p>\n<p>Diese Rubrik enth\u00e4lt Ideen, die Ihnen bestimmt nicht unbekannt sind.<br \/>\nWichtig ist uns, aufzuzeigen, weshalb es f\u00fcr den Spracherwerb von Kindern wertvoll ist, Lieder zu singen, Verse zu lernen, Bilderb\u00fccher anzuschauen, zu spielen, zu basteln oder zu kochen.<br \/>\nHier finden Sie Ideen zur praktischen Umsetzung und hilfreiche Tipps.<\/p>\n<p>Wir haben einige Ideen zu den verschiedenen Themen (Spiele, Verse, Lieder, Basteln, Kochen) gesammelt. Diese k\u00f6nnen Sie als PDF-Datei herunterladen. In unserer\u00a0<a href=\"http:\/\/kindersprache.ch\/index.php\/linksammlung\/\">Linksammlung\u00a0<\/a>finden Sie zudem eine Auflistung weiterer Websites mit vielen Ideen.<br \/>\nEin Kind lernt die Sprache am besten, wenn es einen Gespr\u00e4chs- oder Kommunikationspartner hat und wenn ein gemeinsames Thema besteht (z.B. eine Bastelidee, ein Bilderbuch\u2026).<br \/>\nEin gemeinsames Thema findet sich im Alltag fast \u00fcberall. Sie f\u00f6rdern also in jeder Situation, in der Sie dem Kind zugewandt sind und mit ihm kommunizieren, seine Sprache.<\/p>\n<p>Ein schwieriges Thema f\u00fcr Erwachsene in der heutigen Welt ist wahrscheinlich oft die Zeit.<br \/>\nMit Kindern etwas zu tun, sich mit ihnen auseinander zu setzen, braucht Zeit.<br \/>\nDiese Zeit einzusetzen, lohnt sich!<br \/>\nDas Kind lernt im gemeinsamen Tun nebst der Sprache noch viel mehr.<br \/>\nWichtig ist auch der regelm\u00e4ssige Kontakt zu anderen Kindern mit denen das Kind spielen kann.<\/p>\n<p><a href=\"http:\/\/kindersprache.ch\/wp-content\/uploads\/2015\/09\/foerderideen_streifen.jpg\"><img loading=\"lazy\" decoding=\"async\" class=\"alignnone wp-image-387 size-full\" src=\"http:\/\/kindersprache.ch\/wp-content\/uploads\/2015\/09\/foerderideen_streifen.jpg\" alt=\"foerderideen_streifen\" width=\"729\" height=\"141\" srcset=\"https:\/\/kindersprache.ch\/wp-content\/uploads\/2015\/09\/foerderideen_streifen.jpg 729w, https:\/\/kindersprache.ch\/wp-content\/uploads\/2015\/09\/foerderideen_streifen-300x58.jpg 300w, https:\/\/kindersprache.ch\/wp-content\/uploads\/2015\/09\/foerderideen_streifen-100x19.jpg 100w\" sizes=\"auto, (max-width: 729px) 100vw, 729px\" \/><\/a><\/p>\n","protected":false},"excerpt":{"rendered":"<p>F\u00f6rderideen Liebe Leser Diese Rubrik enth\u00e4lt Ideen, die Ihnen bestimmt nicht unbekannt sind. Wichtig ist uns, aufzuzeigen, weshalb es f\u00fcr den Spracherwerb von Kindern wertvoll ist, Lieder zu singen, Verse zu lernen, Bilderb\u00fccher anzuschauen, zu spielen, zu basteln oder zu kochen. Hier finden Sie Ideen zur praktischen Umsetzung und hilfreiche Tipps. Wir haben einige Ideen [&hellip;]<\/p>\n","protected":false},"author":1,"featured_media":0,"parent":0,"menu_order":0,"comment_status":"closed","ping_status":"closed","template":"","meta":{"footnotes":""},"class_list":["post-78","page","type-page","status-publish","hentry"],"_links":{"self":[{"href":"https:\/\/kindersprache.ch\/index.php\/wp-json\/wp\/v2\/pages\/78","targetHints":{"allow":["GET"]}}],"collection":[{"href":"https:\/\/kindersprache.ch\/index.php\/wp-json\/wp\/v2\/pages"}],"about":[{"href":"https:\/\/kindersprache.ch\/index.php\/wp-json\/wp\/v2\/types\/page"}],"author":[{"embeddable":true,"href":"https:\/\/kindersprache.ch\/index.php\/wp-json\/wp\/v2\/users\/1"}],"replies":[{"embeddable":true,"href":"https:\/\/kindersprache.ch\/index.php\/wp-json\/wp\/v2\/comments?post=78"}],"version-history":[{"count":6,"href":"https:\/\/kindersprache.ch\/index.php\/wp-json\/wp\/v2\/pages\/78\/revisions"}],"predecessor-version":[{"id":388,"href":"https:\/\/kindersprache.ch\/index.php\/wp-json\/wp\/v2\/pages\/78\/revisions\/388"}],"wp:attachment":[{"href":"https:\/\/kindersprache.ch\/index.php\/wp-json\/wp\/v2\/media?parent=78"}],"curies":[{"name":"wp","href":"https:\/\/api.w.org\/{rel}","templated":true}]}}